2, 3
Suppose -b + 15 = 3*l + l, -3*l + b + 20 = 0. List the prime factors of l.
5
Let i(w) = w**2 + 3*w - 5. Let d be i(-4). Let x = 18 + d. What are the prime factors of x?
17
Suppose -21 = -z - 3. List the prime factors of z.
2, 3
Suppose -4*u - t + 172 + 372 = 0, 3*t = -3*u + 408. List the prime factors of u.
2, 17
Let z(x) = 47*x**3 - x**2 - x - 1. Let m be z(-1). Let d = -26 - m. What are the prime factors of d?
2, 11
Let n = 24 + 22. What are the prime factors of n?
2, 23
Let k = 207 - 121. List the prime factors of k.
2, 43
Suppose 8*t - 6*t + 3*a = 32, 3*a - 52 = -4*t. List the prime factors of t.
2, 5
Let r = 22 + -21. List the prime factors of r/(-4 - 330/(-82)).
41
Suppose 0*a = a - 2. Suppose a*m = -m - 6. What are the prime factors of m*2/(-4)*3?
3
Let p(i) = -i - 11. Let r be p(-6). Let z = 9 - 1. Let d = z + r. What are the prime factors of d?
3
List the prime factors of 1/2 + (-2545)/(-10).
3, 5, 17
Let q(j) = j**2 - 1. Let o(v) = -v**3 + 4*v**2 + 6*v - 3. Let m be o(5). Let c be q(m). Suppose -3*x + 15 = d + x, c*d - 13 = 4*x. List the prime factors of d.
7
Let g(k) = k**2 + 4*k. Let c be g(4). Suppose -2*n + c = -4*y + 160, 0 = 2*n + 8. What are the prime factors of y?
2, 3, 5
Let y(p) = -p**2 - 2*p + 6. Suppose 2*c - 3*j + 15 = 0, -6*j + 2*j = 4*c - 20. List the prime factors of y(c).
2, 3
Let z = 45 - 21. Suppose -2*g - 112 = -3*a - 0*g, a - z = -2*g. List the prime factors of a.
2, 17
Suppose 10*o = -4*o + 798. What are the prime factors of o?
3, 19
Suppose 0*q - q + x + 177 = 0, -748 = -4*q - 4*x. What are the prime factors of q?
2, 7, 13
Suppose 3*o + 0*o = 15. Let y(g) = g**3 - 3*g**2 - 6*g - 7. Let w be y(o). Let z = w - 6. What are the prime factors of z?
7
Let n = 6 + -7. Let g(d) = -15*d - 1. List the prime factors of g(n).
2, 7
Let z(l) be the second derivative of l**5/20 + l**4/2 - 3*l**3/2 + 3*l**2 - 4*l. List the prime factors of z(-7).
2, 5
Suppose 4*q + v = 452, 2*v + 452 = q + 3*q. What are the prime factors of q?
113
Suppose -2*v = -a + 3, v + 2*a = -0*v + 6. Let r = 2 + v. List the prime factors of r.
2
Let a(t) = t**2 + 4*t + 7. What are the prime factors of a(-7)?
2, 7
Let a(j) = -16*j - 3. List the prime factors of a(-2).
29
What are the prime factors of (-1 - 0)/((-5)/260)?
2, 13
Let o(g) = g**3 + 12*g**2 + 14*g + 2. Let d be o(-10). Suppose -4*i - 6 + d = 0. Suppose -2*c = -v + i, -4*v + c + c = -32. List the prime factors of v.
2, 3
What are the prime factors of 69 + (4 - 3) + -4?
2, 3, 11
Let q(z) = -19*z**3 + 4*z**2 - 2*z - 2. Let d(j) = 38*j**3 - 9*j**2 + 5*j + 5. Let m(l) = 3*d(l) + 7*q(l). List the prime factors of m(-1).
2, 5
Let t(h) = -2*h + 41. Let m(c) = 2*c + 10. Let v be m(-5). List the prime factors of t(v).
41
Let x(h) = 4 - h - 1 + 2 - 3. Let u be x(-4). Suppose u*b - 3*b = 0, -4*b = l - 4. List the prime factors of l.
2
Suppose -3*h = -6*h + 4*b - 8, 2*b = 5*h - 10. Let i be -3 - -5 - (h + 1). Let u = i - -12. What are the prime factors of u?
3
Let m be 2/9 + 7/9. Let k be 1/1*6/m. Suppose l + 32 = 5*q, 3*l + 0 = -k. List the prime factors of q.
2, 3
Suppose l - 724 = 5*l. Let d = -122 - l. Suppose -4*a + 3*f = -40 + 9, 5*a = -3*f + d. List the prime factors of a.
2, 5
Let v = 48 + -12. What are the prime factors of v?
2, 3
What are the prime factors of 4/(0 - (-8)/36)?
2, 3
Let j = -5 - 1. Let v(a) = -9*a + 1. Let f be v(j). Suppose -t - 4*t = -f. List the prime factors of t.
11
Let t(c) = 0*c**3 - c - 1 - c**2 - c**3 + 2*c + 3. Let n be t(0). Let m = n + 1. What are the prime factors of m?
3
Let u(b) = 15*b**3. Suppose -3 = -2*s - s. What are the prime factors of u(s)?
3, 5
What are the prime factors of 681/4 + (-1)/4*1?
2, 5, 17
List the prime factors of (-10)/(((-4)/(-6))/((-25)/15)).
5
Let n = -99 - -114. List the prime factors of n.
3, 5
Let i(t) = 10*t**3 - t**2 - t - 11. What are the prime factors of i(3)?
13, 19
Let t = 100 + 20. Let h = -64 + t. What are the prime factors of h?
2, 7
Let x = 3 - 1. Let f = 0 + x. Suppose -4*c + 19 = 2*z - 3*z, -c - f = 2*z. What are the prime factors of c?
2
Let d(z) = 36*z**2 - 2*z - 1 + 17*z**2 + 2*z**2. List the prime factors of d(-1).
2, 7
Let z(q) = 14*q + q - 8*q - 2*q + 3 + q**3 - 8*q**2. What are the prime factors of z(8)?
43
Let k(a) = 70*a - 3. What are the prime factors of k(1)?
67
Let j(l) = 0*l + 6*l**3 - l**2 - 25*l**3 - l. What are the prime factors of j(-1)?
19
What are the prime factors of (-6)/9 + 411/9?
3, 5
Suppose -2*h + 0*h = -o - 2, 4*o + 2 = 5*h. Suppose -k - 5*a + 3 = h, -3*a = -k - 15. Let n = 10 - k. What are the prime factors of n?
19
Let t = 171 + -76. List the prime factors of t.
5, 19
Suppose 32 = z + z. What are the prime factors of z?
2
Suppose 9 = -2*r + 5*f, 0*r - 5*r + f + 35 = 0. Let j be ((-10)/(-4) + -2)/(16/1856). List the prime factors of (-2)/r - j/(-8).
7
Let b(q) = -q**2 + q. Let o be b(0). Suppose 3*f - 25 = n + 15, -2*f - 2*n + 16 = o. Suppose 5*v - 13 = f. List the prime factors of v.
5
Let c = 1 + 1. Let g(y) = 7*y - y**c + 4*y**2 - 3*y - 6 - 2*y**2. List the prime factors of g(-6).
2, 3
Let l(m) = -m**2 - 5*m + 27. List the prime factors of l(-8).
3
What are the prime factors of 1*48/4 + -2?
2, 5
Let p be (10/3)/((-1)/(-3)). Suppose 0*q = -q + p. What are the prime factors of q?
2, 5
Suppose -h - h - 4*o = -2, o = 2*h - 22. Suppose 3*l - 5*n = 34, -l - h = -2*l + 4*n. What are the prime factors of l?
13
Let l(c) = -c**2 + 11*c - 6. Let w be l(10). Let p = 7 - w. List the prime factors of p.
3
Let k be 3/(-9) - (-61)/3. Let f = k + -14. Suppose -8 = -4*c + 4*h, -18 = 3*c - f*c - 3*h. List the prime factors of c.
2
Let k(d) = 0*d - 4 - 3*d + 0*d. Let w be 4/(-3)*(2 - -1). List the prime factors of k(w).
2
Let i(t) = t**3 + 3*t**2 - 4*t. Let o be i(-4). Suppose o = a - 15 - 5. What are the prime factors of a?
2, 5
Let k = 72 - 111. What are the prime factors of (-1 - k) + 3/1?
41
Suppose -h = -2*h + 26. List the prime factors of h.
2, 13
Let b be 2/4*-4 - -4. Suppose b*g = 2*s - 6, 2*g + g - 40 = -4*s. List the prime factors of s.
7
Suppose 18 = p - 14. List the prime factors of p.
2
Let r = 318 + -183. List the prime factors of r.
3, 5
Suppose -5*k + 2*b - 7*b - 20 = 0, 16 = -4*k - 5*b. Let c(h) = -2*h - 2. List the prime factors of c(k).
2, 3
Suppose 3*h = 85 + 164. List the prime factors of h.
83
Let d = 98 + -47. Suppose 3*h - d = -9. What are the prime factors of h?
2, 7
Let n = 8 - 3. Suppose 4*k + 15 = 3*k - 4*s, -n*k + 5*s = -50. Suppose 4*b + 3 + 17 = o, k*b + 7 = -o. What are the prime factors of o?
2
Let g = 68 - -28. Suppose 24 - g = -2*w. List the prime factors of w.
2, 3
Suppose 3*o - 4 = -u, 3*o - 30 = 2*u - 11. Suppose -35 = -o*x - 5. List the prime factors of x.
2, 5
Suppose -2*s + 1 = -s. Let v = s - -6. What are the prime factors of v?
7
Suppose 0 = -3*l - l. Suppose 3*j = -d + 5, d + 4*j = -l*d + 3. Let p = d - 5. What are the prime factors of p?
2, 3
Suppose 2*h + 0*h = -136. Let s = h - -100. What are the prime factors of s?
2
Let n = -12 + 3. Let u = n - -20. List the prime factors of u.
11
Suppose -n - u = -3*n + 99, 4*n = 4*u + 208. What are the prime factors of n?
47
Suppose 0 = 4*l - 9*l + 20. List the prime factors of 20 - (-3 - (-16)/l).
19
Suppose 3*a = -3*x + 84, -4*a + 5*x + 101 + 11 = 0. What are the prime factors of a?
2, 7
Let r(x) = -x**2 - 5*x + 8. Let p be r(-6). Suppose -3*i = -n - 21, 4*i - p*n - 28 = -n. List the prime factors of i.
7
Let u(l) = -l**3 - 9*l**2 - 11*l - 4. Let d be u(-8). Let n = -2 + d. What are the prime factors of n?
2, 3
Let w(d) = 12*d**2 - 1. What are the prime factors of w(2)?
47
Let u(b) = -17*b**3 - 4*b**2 - 4*b - 4. What are the prime factors of u(-2)?
2, 31
Suppose 6 = r + 2. Suppose 3 = r*o - 5. Suppose -l = 2*g + 5 - 14, -18 = -5*g + o*l. List the prime factors of g.
2
Let x(y) = -y + 2. Let a be x(2). Suppose 0 = -2*c + 3*c - 4. Let r = c + a. What are the prime factors of r?
2
List the prime factors of (-89)/(-4) - (-1)/(-4).
2, 11
Let w be 3 + (-2 - 1/(-1)). What are the prime factors of 58/w - (-2 - 0)?
31
Suppose -i + 7 - 55 = 0. Suppose 0 = 2*o - 2 - 2. What are the prime factors of i/2*o/(-4)?
2, 3
Let t = 14 - 34. Let z = -21 + 8. Let w = z - t. List the prime factors of w.
7
Let k = 5 - 5. Let j(g) = g**3 - g**2 + g